ple of 19?
True
Suppose -5*t + t = g, 0 = 3*t + 3. Suppose -3*p + 6 = -6, 0 = -q - g*p + 68. Does 12 divide q?
False
Let t(c) = -c**2 - 7*c + 5. Let h be t(-7). Let w(o) = -3*o - 5. Let z be w(h). Let b = z - -53. Does 11 divide b?
True
Suppose 21 = -3*h - 0*h. Let n(c) = -4 + 2*c + c**2 + c + 0. Is n(h) a multiple of 12?
True
Let c = 4 + -1. Is 6 a factor of 22/2 + -2 + c?
True
Let i = 6 + -5. Does 21 divide -1*(-34 + 3/i)?
False
Let s = -15 - -125. Is 10 a factor of s?
True
Let q(c) = 2*c + 2 - c**3 + 10*c**2 - 7 + 4. Let t be q(10). Let i = t - 1. Does 9 divide i?
True
Suppose 5*s = -x + 71, -5*s - 3*x + 0*x + 63 = 0. Suppose -63 + s = -3*a. Is a a multiple of 16?
True
Let w be (1/(-3))/(6/(-90)). Let x = w + 5. Is 10 a factor of x?
True
Suppose -z = 2*z - 1836. Suppose -162 = -2*r - z. Does 15 divide -2*(r/(-6))/(-5)?
True
Let r be 2/((12/(-3))/(-4)). Suppose 3*v - r - 118 = 0. Does 10 divide v?
True
Let x be (-9)/2 + (-3)/6. Let t be ((-1)/1)/(x/(-20)). Let w = t + 8. Does 4 divide w?
True
Suppose -5*o - 10 = 0, -f - 5*o = 4*f + 10. Let v = f + 4. Suppose 0 = v*w - 5*t - 140, 108 = -2*w + 6*w + 3*t. Does 10 divide w?
True
Let r(m) = 15*m**3 - 2*m**2 - 2*m + 3. Does 33 divide r(2)?
False
Is 0 - (-4 + -71 + 2) a multiple of 7?
False
Let o = -28 - -17. Let a = 12 - o. Suppose a = 5*y + 3*k, 2*y + 5*k + 2 = 15. Is 3 a factor of y?
False
Let m(y) = y**3 - 4*y**2 - 5*y + 8. Does 4 divide m(5)?
True
Suppose -4*k + y = -24, 0 = 2*k + 3*y - 6 - 20. Is k a multiple of 7?
True
Let j = -49 + 69. Is 5 a factor of j?
True
Suppose 2*j - 2*f - 284 = 0, 4*f + 429 = j + 2*j. Is 31 a factor of j?
False
Let d = -3 - -9. Let y = d + -3. Suppose -3*p = -y*g + 51 - 12, 52 = 4*g - 5*p. Does 8 divide g?
False
Let p be (-10)/(-3) - (-1)/(-3). Suppose 0 = 2*r + p*r. Is (-12)/(2/(-3) - r) a multiple of 9?
True
Suppose -3*a = 2*b - 4*b + 21, -2*b + 9 = a. Does 2 divide -5*b/20*-2?
False
Suppose 4*s = 4*q - 116, 5*s - 2*s = -5*q + 137. Does 14 divide q?
True
Suppose 2*u + 942 = 4*a, -a = 3*a + u - 957. Is 12 a factor of a?
False
Let v(h) = h - 5. Let z(w) = -w**3 - w + 7. Let g be z(0). Let r be v(g). Suppose -r*d - 3 = -3*d. Is d even?
False
Let n(y) = 2*y - 6. Let m be n(5). Suppose -b - b = 5*q - 102, -94 = -5*q - m*b. Suppose 4*i - 102 = -q. Does 8 divide i?
False
Let i(b) = -13*b - 3. Is 6 a factor of i(-2)?
False
Let y(m) = m**2 - m - 4. Let t = 2 - -1. Let x be y(t). Suppose u - 6*j - 18 = -j, -x*u - 4*j = -8. Does 7 divide u?
False
Let w(v) = -3*v - 3. Let d be w(-6). Suppose 5*a + 0*a + 3 = 4*z, -a - 3 = -2*z. Let x = d + a. Does 16 divide x?
True
Suppose -3*k + 4*k = -4*p + 13, 3*k = 2*p + 81. Is k a multiple of 5?
True
Let c(z) = -2*z - 1. Let w be c(0). Is 3 a factor of (2 - 1)/(w/(-11))?
False
Suppose 5*y = -2*i + 25, 0*i - 2*i - 5 = -y. Suppose -y*p + 4*g + 11 = -25, 4*p + 3*g = 4. Suppose -4 - 12 = -p*f. Is f a multiple of 4?
True
Let x(s) = s**3 - 7*s**2 + 14*s - 8. Is x(7) a multiple of 6?
True
Let h = 18 + 46. Suppose -a - a - 4 = 0, -5*n + 4*a = -483. Let j = n - h. Is j a multiple of 11?
False
Let m(u) = 11*u + 60. Does 15 divide m(15)?
True
Let p = 5 - -22. Suppose -3*c = 4*h - 56 - p, 10 = 2*c. Does 6 divide h?
False
Suppose g = 4*g + 15. Let w(t) = -t**2 + t + 3*t**2 + 0 - 7. Does 13 divide w(g)?
False
Let v = -124 + 166. Is 14 a factor of v?
True
Suppose 2*l = 4*l. Let z be (l - -3)*44/6. Does 13 divide 466/22 + (-4)/z?
False
Suppose g + 8 = 3*g + 4*j, -5*g - 5*j + 25 = 0. Suppose g*v - 2*z - 8 = 2*v, -z - 3 = -v. Let y = v - -2. Is y a multiple of 2?
False
Suppose 0 = -2*o + 2*q - 244, 3*o + 5*q + 350 = -0*o. Let t = o - -183. Is t a multiple of 17?
False
Let l be ((-4)/(-3))/((-8)/(-12)). Suppose 0 = -4*u - 3*m + 134, l*u - 9 = 3*m + 49. Is u a multiple of 11?
False
Suppose -3*o = -5*i + 3*i + 1, -6 = -2*o. Is 5 a factor of i?
True
Let b be (-1 + 0)/((-1)/243). Suppose 4*d - 41 = k - 2*k, 5*k - b = -d. Does 13 divide k?
False
Let v(g) be the second derivative of g**6/90 + g**5/60 - g**4/12 + g. Let u(b) be the third derivative of v(b). Does 9 divide u(2)?
True
Let j be 76/6 - 1/(-3). Suppose 5*d - 2*r = 3 - j, 0 = 4*d - 4*r + 20. Suppose 4*x = -d*x - 3*t + 33, -25 = 5*t. Is x a multiple of 12?
True
Is 6/(-6) - -3 - -362 a multiple of 14?
True
Suppose b + 5*t - 17 = 0, b = 3*b + 2*t - 10. Suppose 8 = b*d - 2. Does 3 divide d?
False
Let v(o) = -185*o + 2. Does 26 divide v(-1)?
False
Suppose w + 31 = 92. Let i = 105 - w. Is i a multiple of 22?
True
Let u be (-3 - -6) + (1 - 1). Suppose 2*j - 3*r - 113 = 2*r, 3*j = -4*r + 227. Suppose 2*a = 4*c - 69 - 11, -j = -u*c - 3*a. Is 11 a factor of c?
False
Let n(h) be the first derivative of h**4/4 - h**3/3 - h**2/2 - 14*h + 1. Let q be n(0). Is 4 a factor of (-2)/3 - q/3?
True
Suppose -5*k - 16 = -3*j, 5*j + k = -0*k + 8. Suppose -4 = -j*o + o. Suppose 2*s = 5*s + x - 8, -2*x = o*s - 8. Is 4 a factor of s?
True
Let w be 3/(3 + (-15)/4). Let o(l) = -l**3 - 5*l**2 - 6*l - 1. Is o(w) a multiple of 5?
False
Let a be ((-1)/1)/(2/12). Let y = 2 + a. Is 18 a factor of y/(-18) + (-644)/(-18)?
True
Suppose -228 - 369 = 3*t. Let u = -125 - t. Suppose -4*o = 14 - u. Is 15 a factor of o?
True
Suppose -f + 42 = -0*f. Is 8 a factor of (8/(-3))/((-7)/f)?
True
Let r(x) = x**2 - 4*x + 2. Let s be r(6). Suppose -8*c = -4*c - 36. Suppose -n + 2*v = 6*v - s, 0 = -n - 5*v + c. Is 17 a factor of n?
True
Let u(j) = -j**3 + 9*j**2 - 6*j - 8. Let k be u(8). Suppose -2*l - 2*x = -k, -l + 5 = l - x. Is l a multiple of 2?
False
Suppose -5*q + 3*u = -0 + 9, 4*u = -8. Let j(a) = a - 4*a - 3*a. Is 10 a factor of j(q)?
False
Suppose 2*a - 4*a - m - 1078 = 0, a + 536 = -2*m. Does 10 divide a/(-9)*(-4)/(-10)?
False
Is 22 a factor of 2/(-4)*(-132 - 4)?
False
Suppose 0 = 4*f - 5*b + 2, 16 = 4*f + 4*b. Let h = f + 9. Is 9 a factor of h?
False
Suppose 11*r + 75 = 16*r. Does 3 divide r?
True
Let s(m) = m + 475. Let h be s(0). Suppose -2*f + 0*f - 4*y + 166 = 0, 0 = 5*f - 2*y - h. Does 30 divide f?
False
Suppose -a - 3 = 4. Let t(n) = 3*n + 10. Let g be t(a). Is 2 a factor of g/(-4) - (-5)/20?
False
Let u be -5 + 2 - (1 + -1). Suppose 0 = -g - 4*g + 15. Does 8 divide -3*(u - g/9)?
False
Let z(o) = -13*o - 12. Let b(x) = 7*x + 6. Let t(u) = 11*b(u) + 6*z(u). Let n be t(-8). Suppose -n*r = -r - 23. Does 10 divide r?
False
Let t be (-8)/3*(-2 - 10). Suppose a = -a + t. Is 16 a factor of a?
True
Let n(r) = 18*r - 14. Let d(t) = -t + 1. Let i(j) = -48*d(j) - 3*n(j). Let z be i(-5). Is 42/(-8)*z/(-9) a multiple of 14?
True
Let x = 13 + -8. Let q = x - 2. Suppose -6 = -q*m + 15. Is m a multiple of 7?
True
Suppose 0 = 2*g - 4*f, -3*g + 5 - 3 = -5*f. Suppose -4*m + 27 + 3 = -a, g*a - 16 = -m. Is 6 a factor of m?
False
Let n(q) = -q**3 + 6*q**2 + 11*q - 9. Let a = -5 + 5. Let p = a - -7. Does 14 divide n(p)?
False
Suppose h = -3*h + 8. Let g(i) = 7*i**3 - 6*i**3 - 6*i**2 - i**h + 6 + 2*i. Is g(7) a multiple of 13?
False
Let o = 1 - -1. Suppose 15 - 3 = 2*a - 4*w, 4 = -o*w. Suppose 3 = -4*f + 5*z - 2*z, -a*f = -5*z + 19. Is 3 a factor of f?
True
Let o(i) = i**3 - 3*i**2 - 4*i - 3. Let t be o(4). Let b(n) = -9*n + 1. Is b(t) a multiple of 14?
True
Let h(p) = 28*p**3 + 3*p - 3. Does 4 divide h(1)?
True
Suppose -9 = -0*h + 3*h. Let j(m) = -9*m - 4. Let k be j(h). Suppose 0 = 4*w - 63 + k. Does 5 divide w?
True
Let o = 2 - -17. Does 5 divide o?
False
Let w be ((-1)/(-3))/((-3)/171). Is (w/2)/(4/(-8)) a multiple of 7?
False
Let r = -19 - -31. Is 12 a factor of r?
True
Let f(h) = 5*h**2 - 5*h - 5. Let y = -5 + 3. Is f(y) a multiple of 25?
True
Let k(i) = -5*i**2 + 5*i - 9. Let l(p) = -3*p**2 + 3*p - 4. Let u(c) = 2*k(c) - 5*l(c). Does 15 divide u(3)?
False
Let t = 135 - 6. Is t a multiple of 22?
False
Let s(q) = q**3 - 6*q**2 + 3*q + 6. Is 4 a factor of s(6)?
True
Let f(m) = -m - 5. Let a be f(-11). Is -19*3*a/(-9) a multiple of 12?
False
Let r(m) = -9*m**3 - 1. Let l be r(-1). Suppose 4*u - 5*u - 5 = -5*g, g = 2*u - l. Suppose 26 = u*s + 3*k - 5*k, -4*s - k = -26. Is s a multiple of 6?
True
Let y = -1 - 0. Is 12 a factor of (0 + 8)*(4 + y)?
True
Suppose 3*u + 0*r - 154 = -2*r, -4*r - 124 = -3*u. Is 12 a factor of u?
True
Let y(k) = 16*k + 7. Is y(8) a multiple of 27?
True
Suppose 2*b = g - 19, -2*b = -3 - 7. Is g a multiple of 13?
False
Suppose 0 = 2*j 